he prime factors of f(7).
2, 409
Let k be 271280/50*(3 - (-3)/(-6)). What are the prime factors of k/36 + (-9)/(243/(-6))?
13, 29
Suppose 5*x + 77187 = 2*f, -69*f + x - 38590 = -70*f. What are the prime factors of f?
7, 37, 149
Let k(t) = -4*t**3 - 147*t**2 + 7*t - 30. List the prime factors of k(-43).
2, 3, 7649
Let g = 2836 + -1744. What are the prime factors of g?
2, 3, 7, 13
Suppose -71*p + 279 = -40*p. Suppose 2*j = 3*v - 3*j - 39, v + 4*j - 30 = 0. What are the prime factors of (-117)/(-6)*p/(v/4)?
3, 13
Let t(c) = 102*c**2 + 19*c + 137. List the prime factors of t(-8).
3, 13, 167
Suppose 0 = -20*r + 7*r - 1547. Let y = -100 - r. Let u(m) = 7*m - 104. List the prime factors of u(y).
29
Let r(b) = b**3 + 5*b**2 + 16*b - 107. What are the prime factors of r(14)?
23, 167
Suppose z = -3, -4*x - 10*z = -6*z - 167592. What are the prime factors of x?
3, 13967
Let i = 1135 + -629. Let o = i - 411. List the prime factors of o.
5, 19
Suppose -3*p + 7 = -8. Let l = -1790 + 1833. Suppose -p*v - 4*q + l = -4*v, 0 = 3*v + q - 107. List the prime factors of v.
5, 7
Suppose -142 = 2*i - 2*d, -2*i - 2*i - 272 = 2*d. Suppose 6*w = 3*w - 5*s - 197, 0 = -3*w + 2*s - 232. Let h = i - w. List the prime factors of h.
5
Let v = -9883 - -17045. What are the prime factors of v?
2, 3581
What are the prime factors of -11*(-2 + 74953/(-19) - (-62)/(-589))?
11, 3947
Suppose -101*s + 103*s + 316 = 0. Let m = s + 438. List the prime factors of m.
2, 5, 7
List the prime factors of (-1*2 + 43808/370)/((-9)/(-1290)).
2, 43, 97
Suppose 4*a - 2*m + 1242 = 0, a + 5*m + 447 = 120. Let b = 506 + a. What are the prime factors of b?
2, 97
Let j = 4516 + 2240. List the prime factors of j.
2, 3, 563
Let f(p) = -5*p**3 - 24*p**2 - 23. Let s be f(-5). List the prime factors of (688 + s)/1 - (39 + -42).
3, 7, 11
Let g = 66126 + -32257. List the prime factors of g.
11, 3079
Suppose 112*m + 145*m = 7384638. What are the prime factors of m?
2, 3, 4789
Suppose 0 = -2*d - 0*s + 3*s + 192, -2*s = -4. Let i = -76 + d. Suppose i*t = 19*t + 356. List the prime factors of t.
89
Let d = -11785 + 22600. List the prime factors of d.
3, 5, 7, 103
Suppose 36*y - 41*y = 5*k - 169920, 3*y - 4*k = 101938. List the prime factors of y.
2, 13, 1307
Let q(f) = -231*f - 713. What are the prime factors of q(-15)?
2, 43
Let j be (-16)/24*78/(-4). Suppose j = -2*w - 7. What are the prime factors of (-304)/w - (-32)/(-80)?
2, 3, 5
Let z = -744 - -1392. Let j = z - 353. List the prime factors of j.
5, 59
Suppose 3*s + s = -32. Let n be 2/(6/9)*s/(-6). Suppose n*u - 240 = u. List the prime factors of u.
2, 5
Let r = 503 + 7784. Suppose -20*i + 2093 = -r. List the prime factors of i.
3, 173
Suppose 3*u + y + 17 = 0, 5*y = 4*u - 0*y + 29. Let j(n) = 2*n**2 - n - 4. Let i be j(u). Let a = -71 + i. List the prime factors of a.
3
Suppose 336 = -j + 3*u, 2*j - 16*u + 14*u + 652 = 0. Let t = j - -504. What are the prime factors of t?
3, 61
Let u(m) = 5*m + 97. Let k be u(-19). List the prime factors of (1146/(-12))/((-2)/(4*k)).
2, 191
Suppose 12*x - 46328 + 17024 = 0. List the prime factors of x.
2, 3, 11, 37
Let f = -2168 + 1067. Let w = -730 - f. What are the prime factors of w?
7, 53
Let w = -941 - -1618. Let i = w - 390. Suppose 18 = 5*q - i. What are the prime factors of q?
61
Suppose 0 = -15*f + 14*f + 1363. What are the prime factors of f?
29, 47
Suppose 12*a = 7*a + 1605. Suppose 17*w - a - 580 = 0. What are the prime factors of w?
53
Let v = 50 - -23. Let h = v - -35. List the prime factors of (h/(-30))/((-1)/35).
2, 3, 7
Let m = 7528 + -474. What are the prime factors of m?
2, 3527
Let t = 31 + -23. Suppose 0 = t*q - 19 - 61. Suppose 2*p = -q*p + 444. List the prime factors of p.
37
Suppose -93*h - 3*q = -95*h + 329, 0 = -4*h - 3*q + 685. Let d = -4 - -7. Suppose 0 = 5*y - k - 274, -3*k + h = d*y + k. List the prime factors of y.
5, 11
Suppose -4031 = 18*r + 361. Let p = -211 - r. What are the prime factors of p?
3, 11
Let r = -336 + 2876. List the prime factors of r.
2, 5, 127
Let r = -12624 - -19056. What are the prime factors of r?
2, 3, 67
Suppose -x - 19 - 16 = 0. Let z = -20513 + 20510. Let c = z - x. What are the prime factors of c?
2
Suppose -173*s + 555188 + 9201147 = 0. List the prime factors of s.
5, 11279
Let c(n) = -n**3 - 5*n**2 - 2*n - 6. Let m be c(-3). What are the prime factors of (-4)/m*-3*3318/(-4)?
7, 79
Suppose -6*d + 11*d = -4*u + 5, -u - 3 = -3*d. List the prime factors of (-10)/(-6) - (d - (-7745)/(-15)).
11, 47
Let y = 46991 + -16438. What are the prime factors of y?
30553
Let i(u) = u**2 + 3*u + 17. Let b be i(-12). Let x(a) = -a**3 - 7*a**2 - 4*a - 4. Let v be x(-9). Let n = v - b. What are the prime factors of n?
3, 23
Suppose -j + 1220 = p, -2*p = 3*j - 2232 - 213. Let i = -845 + p. List the prime factors of i.
2, 5, 37
Let w(u) = -11*u - 382. Let v be w(-35). Suppose v*k = 5*n + 2777 - 251, 5*k = n + 4210. List the prime factors of k.
2, 421
Let s be -3 + 2126/3*6. Suppose -7*b + s = -7259. What are the prime factors of b?
2, 3, 137
Let a(h) = -2*h**2 - 26*h + 5. Let w be a(-11). Let g = w - 13. Suppose g*l - 236 = 32*l. What are the prime factors of l?
59
Suppose 3*t = 4*p - 20937, -733*t + 735*t + 15704 = 3*p. What are the prime factors of p?
2, 3, 97
Let y(f) = 416*f**2 + 30*f + 194. What are the prime factors of y(-5)?
2, 7, 373
Let y = 40 - 30. Suppose -3*v + y = -8. Suppose -v*i - 105 = -537. What are the prime factors of i?
2, 3
What are the prime factors of 39414/4*268/402?
6569
Suppose -6*t - 5*i - 4 = -4*t, 6 = 4*t + 3*i. Suppose -3*v + 5*n + 893 = 0, 2*v + n + 301 = t*v. List the prime factors of v.
2, 3, 17
Let i = 15695 - -15241. List the prime factors of i.
2, 3, 1289
Suppose 283*h = 286*h - 18, 4*g + 2*h = 31928. List the prime factors of g.
79, 101
Let i(f) = -f**2 + 20*f - 58. Let b be i(16). Suppose 16*x - 4040 = b*x. List the prime factors of x.
2, 101
Let f = 4779 - 3115. Suppose 35*w - 31*w - f = 0. List the prime factors of w.
2, 13
Suppose -8*f + 8973 = -1723. Suppose -15*j + 8*j + f = 0. What are the prime factors of j?
191
Let h(j) = 5*j + 111 + 87 - 69*j**2 - 27 + 73*j**2. List the prime factors of h(-8).
3, 43
Let g be 10146/22 - 14/77. Let v = -248 + g. List the prime factors of v.
3, 71
Let g be (-2)/(-1) + 177/((-3)/1). Let m = 89 - g. List the prime factors of m.
2, 73
Suppose -350 = 6*j + 1804. Let v = 680 + j. What are the prime factors of v?
3, 107
Suppose 948*r - 951*r - 8515 = -2*c, 3*c = -2*r + 12831. List the prime factors of c.
4271
Let r(f) = f + 37. Let t be r(-17). Let s(k) = -k**3 + 9 + 2*k**3 + 0*k**3 - t*k + 6*k**2. What are the prime factors of s(-7)?
2, 5
Let o = -581 - -459. Let g = o - -211. What are the prime factors of g?
89
Suppose -t + 5*h + 35 = 0, 5*t + 20 = 4*h + 90. Let z(s) = 0*s**2 - t + 15 + 10*s**3 - 4*s**2. List the prime factors of z(2).
3, 23
Suppose 124410*o + 651178 = 124432*o. What are the prime factors of o?
29599
Suppose -m = 4*s - 76575, 2*s + 57*m - 53*m - 38270 = 0. What are the prime factors of s?
5, 7, 547
Let n be (-20)/(-16)*-2*(-132)/15. Suppose 0 = 5*l + z + 6, n = -3*l - 0*l + 4*z. List the prime factors of -81*(l/3)/((-20)/(-30)).
3
Let s(f) = -822*f**3 - 10*f**2 - 22*f - 8. What are the prime factors of s(-4)?
2, 7, 67
Let d = 1377 + 4886. List the prime factors of d.
6263
Suppose -4*f - 189108 = -38*f. List the prime factors of f.
2, 3, 103
Let n(c) = -c**2 - 3*c + 4. Let g be n(2). Let h be (-2)/(-4)*(g + 14). Suppose 3*q = -2*q - 3*t + 335, h*t + 230 = 3*q. What are the prime factors of q?
2, 5, 7
Suppose -2*k = -2*r + 2 + 650, 0 = -5*r - 5*k + 1610. Suppose -2 = -f, -4*f - r - 180 = -4*a. What are the prime factors of a?
2
Let n be (85 - -2)/((-3)/(-2)). Let j = n + -50. Let m(r) = 14*r + 13. What are the prime factors of m(j)?
5
Let v = -1737 + 4420. What are the prime factors of v?
2683
Let u(f) be the third derivative of 89*f**5/20 + f**4/8 - f**3/6 + 128*f**2. What are the prime factors of u(1)?
269
Suppose -968 = -12*l - 104. Let s = l + -71. What are the prime factors of s/1*(9 + -8)*53?
53
Let u(f) = 16*f - 131. Let x be u(10). Suppose -x*v - 48 = -31*v. List the prime factors of v.
2, 3
Suppose -46*x + 4416 = -0*x. Suppose -4*q + 2*q = -62. Let y = x - q. List the prime factors of